{"id":736,"date":"2024-01-29T01:58:55","date_gmt":"2024-01-29T01:58:55","guid":{"rendered":"https:\/\/paloverdesrl.com\/web\/?page_id=736"},"modified":"2025-07-30T05:27:40","modified_gmt":"2025-07-30T05:27:40","slug":"otras-forrajeras","status":"publish","type":"page","link":"https:\/\/paloverdesrl.com\/web\/otras-forrajeras\/","title":{"rendered":"Otras Forrajeras"},"content":{"rendered":"\t<section class=\"section\" id=\"section_1705878976\">\n\t\t<div class=\"bg section-bg fill bg-fill  \" >\n\n\t\t\t\n\t\t\t\n\t\t\t\n\n\t\t<\/div>\n\n\t\t\n\n\t\t<div class=\"section-content relative\">\n\t\t\t\n<div class=\"container section-title-container\" ><h2 class=\"section-title section-title-bold-center\"><b><\/b><span class=\"section-title-main\" style=\"font-size:198%;color:rgb(255, 255, 255);\">otras forrajeras<\/span><b><\/b><\/h2><\/div>\n\t\t<\/div>\n\n\t\t\n<style>\n#section_1705878976 {\n  padding-top: 30px;\n  padding-bottom: 30px;\n  min-height: 250px;\n}\n#section_1705878976 .section-bg.bg-loaded {\n  background-image: url(https:\/\/paloverdesrl.com\/web\/wp-content\/uploads\/2025\/07\/OTRAS.webp);\n}\n#section_1705878976 .section-bg {\n  background-position: 53% 95%;\n}\n@media (min-width:550px) {\n  #section_1705878976 {\n    min-height: 325px;\n  }\n}\n<\/style>\n\t<\/section>\n\t\n<div class=\"row\"  id=\"row-1028255883\">\n\n\t<div id=\"col-846633\" class=\"col medium-6 small-12 large-6\"  >\n\t\t\t\t<div class=\"col-inner\"  >\n\t\t\t\n\t\t\t\n<p><strong>Rye Grass Anual CALEUFU PV \u2013 INTA<\/strong><\/p>\n<p>A partir de 1996, el INTA inici\u00f3 un programa de mejoramiento gen\u00e9tico y evaluaci\u00f3n agron\u00f3mica de raigr\u00e1s\u00a0anual, con el objeto de lograr cultivares adaptados a las condiciones ambientales y de uso, propias de la Argentina. \u00a0 <br \/>En este programa participan las Estaciones Experimentales de Pergamino en Buenos Aires, y Concepci\u00f3n del Uruguay en Entre R\u00edos. <br \/>Luego de varios a\u00f1os de selecci\u00f3n se obtuvo el Raigr\u00e1s Anual Tetraploide (4n) CALEUF\u00da PV\u2013INTA, que \u00a0Palo Verde S.R.L. est\u00e1 produciendo y comercializando actualmente. \u00a0Se trata de un cultivar de polinizaci\u00f3n abierta derivado del policruzamiento de familias de plantas seleccionadas en Concepci\u00f3n del Uruguay y Pergamino.<br \/>CALEUF\u00da PV \u2013 INTA es de ciclo intermedio y se destaca por la alta producci\u00f3n de forraje oto\u00f1o-inverno-primaveral, de muy r\u00e1pida implantaci\u00f3n y crecimiento inicial, alta producci\u00f3n de macollos por planta y muy resistente a royas, lo que le confiere una excelente calidad de forraje.<br \/>Tiene alta receptividad y excelente rebrote.<br \/>Su ciclo de emergencia a floraci\u00f3n plena es 11 d\u00edas m\u00e1s largo que el cultivar Isis INTA y en ensayos de producci\u00f3n hechos\u00a0en la EEA INTA Pergamino, logr\u00f3 para el per\u00edodo Abril \u2013 Septiembre (el acumulado de 7 cosechas de forraje) una producci\u00f3n total de 9.450 Kg MS\/Ha, ocupando la 2da. posici\u00f3n en un ranking de 25 cultivares comerciales intervinientes (la media de ese ensayo fue de 8.735 Kg MS\/Ha).<\/p>\n\t\t<\/div>\n\t\t\t\t\t<\/div>\n\n\t\n\n\t<div id=\"col-1850835257\" class=\"col medium-6 small-12 large-6\"  >\n\t\t\t\t<div class=\"col-inner\"  >\n\t\t\t\n\t\t\t\n<p><strong>Agropiro PUCAR\u00c1 PV \u2013 INTA<\/strong><br \/>El agropiro alargado es uno de los pastos mas tolerantes a la salinidad de los suelos. <br \/>En Argentina es una\u00a0de las gram\u00edneas forrajeras naturalizada m\u00e1s cultivada en los suelos h\u00famedos, anegados durante el invierno y secos y con formaci\u00f3n de costra superficial en verano. Las caracter\u00edsticas principales de la especie son un desarrollo inicial lento y una producci\u00f3n de forraje que var\u00eda con la estaci\u00f3n de crecimiento, desde principios de oto\u00f1o hacia mediados de primavera-verano.<br \/>En los \u00faltimos a\u00f1os la EEA Pergamino ha desarrollado cultivares de agropiro alargado caracterizados por su buen comportamiento en el vigor de crecimiento inicial, elevada producci\u00f3n de forraje y tolerancia al estr\u00e9s salino. Recientemente ha sido inscripto un nuevo cultivar denominado\u00a0 PUCARA PV-INTA.<br \/>PUCARA PV-INTA deriva de la selecci\u00f3n realizada sobre plantas adaptadas a ambientes salino-s\u00f3dicos, y se destaca por su elevado vigor de crecimiento inicial y macollaje, producci\u00f3n de forraje y por su elevada digeStibilidad oto\u00f1o-invernal.<br \/>En ensayos realizados en la EEA Pergamino (suelo argiudol t\u00edpico, serie<br \/>Pergamino en fase moderadamente erosionada) PUCARA PV-INTA produjo a lo largo de dos a\u00f1os un acumulado de forraje de 21354 kg\/ha de materia seca (Grafico 1). La digestibilidad de la materia seca oto\u00f1al fue de 71,85%.<\/p>\n\t\t<\/div>\n\t\t\t\t\t<\/div>\n\n\t\n<\/div>\n\t<section class=\"section dark\" id=\"section_2016592073\">\n\t\t<div class=\"bg section-bg fill bg-fill  \" >\n\n\t\t\t\n\t\t\t<div class=\"section-bg-overlay absolute fill\"><\/div>\n\t\t\t\n\n\t\t<\/div>\n\n\t\t\n\n\t\t<div class=\"section-content relative\">\n\t\t\t\n<div class=\"row\"  id=\"row-330363164\">\n\n\t<div id=\"col-1890472934\" class=\"col medium-12 small-12 large-6\"  >\n\t\t\t\t<div class=\"col-inner\"  >\n\t\t\t\n\t\t\t\n\t<div id=\"gap-1683083504\" class=\"gap-element clearfix\" style=\"display:block; height:auto;\">\n\t\t\n<style>\n#gap-1683083504 {\n  padding-top: 30px;\n}\n<\/style>\n\t<\/div>\n\t\n\t<div id=\"text-2038234494\" class=\"text\">\n\t\t\n<h2 class=\"uppercase\">Contactenos<\/h2>\n\t\t\n<style>\n#text-2038234494 {\n  font-size: 1.65rem;\n  text-align: center;\n}\n@media (min-width:850px) {\n  #text-2038234494 {\n    text-align: left;\n  }\n}\n<\/style>\n\t<\/div>\n\t\n\t<div id=\"text-422377389\" class=\"text\">\n\t\t\n<p>Lorem ipsum dolor sit amet consectetuer adipiscing elit sed diam nonummy nibh euismod tincidunt ut laoreet dolore magna volut dolores cannon.<br \/>\n\t\t\n<style>\n#text-422377389 {\n  text-align: center;\n}\n@media (min-width:850px) {\n  #text-422377389 {\n    text-align: left;\n  }\n}\n<\/style>\n\t<\/div>\n\t\n\t<div id=\"stack-1760841034\" class=\"stack stack-row justify-start items-stretch sm:stack-col md:justify-center\">\n\t\t\n<a href=\"https:\/\/paloverdesrl.com\/web\/contacto\/\" target=\"_self\" class=\"button white\"  style=\"padding:5px 30px 5px 30px;\">\n    <span>contacto<\/span>\n  <\/a>\n\n<a href=\"https:\/\/paloverdesrl.com\/web\/red-comercial\/\" target=\"_self\" class=\"button white is-outline\"  style=\"padding:5px 30px 5px 30px;\">\n    <span>representates<\/span>\n  <\/a>\n\n\t\t\n<style>\n#stack-1760841034 > * {\n  --stack-gap: 0.5rem;\n}\n<\/style>\n\t<\/div>\n\t\n\t\t<\/div>\n\t\t\t\t\n<style>\n#col-1890472934 > .col-inner {\n  padding: 0px 0px 0px 0;\n}\n@media (min-width:550px) {\n  #col-1890472934 > .col-inner {\n    padding: 0px 10% 0px 10%;\n  }\n}\n<\/style>\n\t<\/div>\n\n\t\n<\/div>\n\t\t<\/div>\n\n\t\t\n<style>\n#section_2016592073 {\n  padding-top: 30px;\n  padding-bottom: 30px;\n  min-height: 300px;\n  background-color: rgb(0,0,0);\n}\n#section_2016592073 .section-bg-overlay {\n  background-color: rgba(0, 0, 0, 0.3);\n}\n#section_2016592073 .section-bg.bg-loaded {\n  background-image: url(https:\/\/paloverdesrl.com\/web\/wp-content\/uploads\/2024\/01\/alimentacion-vaca-1099x824-1.jpg);\n}\n#section_2016592073 .section-bg {\n  background-position: 71% 76%;\n}\n<\/style>\n\t<\/section>\n\t\n","protected":false},"excerpt":{"rendered":"","protected":false},"author":2,"featured_media":0,"parent":0,"menu_order":0,"comment_status":"closed","ping_status":"closed","template":"page-blank.php","meta":{"footnotes":""},"class_list":["post-736","page","type-page","status-publish","hentry"],"_links":{"self":[{"href":"https:\/\/paloverdesrl.com\/web\/wp-json\/wp\/v2\/pages\/736","targetHints":{"allow":["GET"]}}],"collection":[{"href":"https:\/\/paloverdesrl.com\/web\/wp-json\/wp\/v2\/pages"}],"about":[{"href":"https:\/\/paloverdesrl.com\/web\/wp-json\/wp\/v2\/types\/page"}],"author":[{"embeddable":true,"href":"https:\/\/paloverdesrl.com\/web\/wp-json\/wp\/v2\/users\/2"}],"replies":[{"embeddable":true,"href":"https:\/\/paloverdesrl.com\/web\/wp-json\/wp\/v2\/comments?post=736"}],"version-history":[{"count":4,"href":"https:\/\/paloverdesrl.com\/web\/wp-json\/wp\/v2\/pages\/736\/revisions"}],"predecessor-version":[{"id":934,"href":"https:\/\/paloverdesrl.com\/web\/wp-json\/wp\/v2\/pages\/736\/revisions\/934"}],"wp:attachment":[{"href":"https:\/\/paloverdesrl.com\/web\/wp-json\/wp\/v2\/media?parent=736"}],"curies":[{"name":"wp","href":"https:\/\/api.w.org\/{rel}","templated":true}]}}