{"id":728,"date":"2024-01-29T01:43:32","date_gmt":"2024-01-29T01:43:32","guid":{"rendered":"https:\/\/paloverdesrl.com\/web\/?page_id=728"},"modified":"2024-01-29T18:58:01","modified_gmt":"2024-01-29T18:58:01","slug":"sorgo","status":"publish","type":"page","link":"https:\/\/paloverdesrl.com\/web\/sorgo\/","title":{"rendered":"Sorgo"},"content":{"rendered":"\t<section class=\"section\" id=\"section_1539309101\">\n\t\t<div class=\"bg section-bg fill bg-fill  \" >\n\n\t\t\t\n\t\t\t\n\t\t\t\n\n\t\t<\/div>\n\n\t\t\n\n\t\t<div class=\"section-content relative\">\n\t\t\t\n<div class=\"container section-title-container\" ><h2 class=\"section-title section-title-bold-center\"><b><\/b><span class=\"section-title-main\" style=\"font-size:198%;color:rgb(255, 255, 255);\">sorgo<\/span><b><\/b><\/h2><\/div>\n\t\t<\/div>\n\n\t\t\n<style>\n#section_1539309101 {\n  padding-top: 30px;\n  padding-bottom: 30px;\n  min-height: 250px;\n}\n#section_1539309101 .section-bg.bg-loaded {\n  background-image: url(https:\/\/paloverdesrl.com\/web\/wp-content\/uploads\/2024\/01\/campo-de-cultivo-de-sorgo-en-brasil_355d3509_1200x630.jpg);\n}\n#section_1539309101 .section-bg {\n  background-position: 45% 88%;\n}\n@media (min-width:550px) {\n  #section_1539309101 {\n    min-height: 325px;\n  }\n}\n<\/style>\n\t<\/section>\n\t\n<div class=\"row\"  id=\"row-567516195\">\n\n\t<div id=\"col-1281965774\" class=\"col medium-6 small-12 large-6\"  >\n\t\t\t\t<div class=\"col-inner\"  >\n\t\t\t\n\t\t\t\n<p>Sanitariamente, el sorgo gran\u00edfero CHOIQU\u00c9, tiene muy buen comportamiento frente a Roya de la hoja y del tallo, virosis MVMD, Downy Mildew y Pulg\u00f3n Verde biotipo E. Este sorgo se destaca por la presencia de taninos condensados en grano (2,5 %).<br \/>Posee adem\u00e1s, alto potencial de rendimiento en grano y por esta raz\u00f3n, su uso principal es para cosecha. Pero a la vez, debido al alto nivel de \u201cstay gree<br \/>n\u201d de su planta a la madurez, lo hace apto para el henificado de su rastrojo, o bien, para su pastoreo directo, convirti\u00e9ndose as\u00ed en un sorgo t\u00edpicamente doble prop\u00f3sito.<br \/>Su difusi\u00f3n es muy amplia por la plasticidad que posee, adapt\u00e1ndose a muy diferentes situaciones de suelo y clima. Se ha\u00a0sembrado con \u00e9xito en las provincias de C\u00f3rdoba, Santa Fe, Santiago del Estero, Buenos Aires, La Pampa, Entre R\u00edos y San Luis.<\/p>\n\t\t<\/div>\n\t\t\t\t\t<\/div>\n\n\t\n\n\t<div id=\"col-1858643814\" class=\"col medium-6 small-12 large-6\"  >\n\t\t\t\t<div class=\"col-inner\"  >\n\t\t\t\n\t\t\t\n<table cellspacing=\"0\" cellpadding=\"0\">\n<tbody>\n<tr>\n<td width=\"209\">SORGOS GRAN\u00cdFEROS<\/td>\n<td width=\"133\">\u00a0<\/td>\n<td width=\"191\">\u00a0<\/td>\n<td width=\"190\">CHOIQU\u00c9<\/td>\n<\/tr>\n<tr>\n<td>Color de grano<\/td>\n<td>\u00a0<\/td>\n<td>\u00a0<\/td>\n<td>Marr\u00f3n<\/td>\n<\/tr>\n<tr>\n<td>Ciclo a madurez<\/td>\n<td>\u00a0<\/td>\n<td>\u00a0<\/td>\n<td>124 d\u00edas<\/td>\n<\/tr>\n<tr>\n<td>D\u00edas a floraci\u00f3n (Venado Tuerto)<\/td>\n<td>\u00a0<\/td>\n<td>\u00a0<\/td>\n<td>67 d\u00edas<\/td>\n<\/tr>\n<tr>\n<td>Altura de planta (cm)<\/td>\n<td>\u00a0<\/td>\n<td>\u00a0<\/td>\n<td>145 cm<\/td>\n<\/tr>\n<tr>\n<td>Comportamiento a quebrado<\/td>\n<td>\u00a0<\/td>\n<td>\u00a0<\/td>\n<td>Resistente<\/td>\n<\/tr>\n<tr>\n<td>Comportamiento a vuelco<\/td>\n<td>\u00a0<\/td>\n<td>\u00a0<\/td>\n<td>Resistente<\/td>\n<\/tr>\n<tr>\n<td>Densidad a cosecha (pl\/ha)<\/td>\n<td>\u00a0<\/td>\n<td>Condiciones medias<\/td>\n<td>150.000 \/ 180.000<\/td>\n<\/tr>\n<tr>\n<td>\u00a0<\/td>\n<td>\u00a0<\/td>\n<td>Alta tecnolog\u00eda<\/td>\n<td>200.000 \/ 220.000<\/td>\n<\/tr>\n<tr>\n<td>Contenido de tanino en grano<\/td>\n<td>\u00a0<\/td>\n<td>\u00a0<\/td>\n<td>2,50%<\/td>\n<\/tr>\n<tr>\n<td>Tipo de panoja<\/td>\n<td>\u00a0<\/td>\n<td>\u00a0<\/td>\n<td>Semiabierta<\/td>\n<\/tr>\n<\/tbody>\n<\/table>\n\t\t<\/div>\n\t\t\t\t\t<\/div>\n\n\t\n<\/div>\n\t<section class=\"section dark\" id=\"section_998655642\">\n\t\t<div class=\"bg section-bg fill bg-fill  \" >\n\n\t\t\t\n\t\t\t<div class=\"section-bg-overlay absolute fill\"><\/div>\n\t\t\t\n\n\t\t<\/div>\n\n\t\t\n\n\t\t<div class=\"section-content relative\">\n\t\t\t\n<div class=\"row\"  id=\"row-511733438\">\n\n\t<div id=\"col-8530047\" class=\"col medium-12 small-12 large-6\"  >\n\t\t\t\t<div class=\"col-inner\"  >\n\t\t\t\n\t\t\t\n\t<div id=\"gap-1495907169\" class=\"gap-element clearfix\" style=\"display:block; height:auto;\">\n\t\t\n<style>\n#gap-1495907169 {\n  padding-top: 30px;\n}\n<\/style>\n\t<\/div>\n\t\n\t<div id=\"text-3733978314\" class=\"text\">\n\t\t\n<h2 class=\"uppercase\">Contactenos<\/h2>\n\t\t\n<style>\n#text-3733978314 {\n  font-size: 1.65rem;\n  text-align: center;\n}\n@media (min-width:850px) {\n  #text-3733978314 {\n    text-align: left;\n  }\n}\n<\/style>\n\t<\/div>\n\t\n\t<div id=\"text-3968990419\" class=\"text\">\n\t\t\n<p>Lorem ipsum dolor sit amet consectetuer adipiscing elit sed diam nonummy nibh euismod tincidunt ut laoreet dolore magna volut dolores cannon.<br \/>\n\t\t\n<style>\n#text-3968990419 {\n  text-align: center;\n}\n@media (min-width:850px) {\n  #text-3968990419 {\n    text-align: left;\n  }\n}\n<\/style>\n\t<\/div>\n\t\n\t<div id=\"stack-1133807470\" class=\"stack stack-row justify-start items-stretch sm:stack-col md:justify-center\">\n\t\t\n<a href=\"https:\/\/paloverdesrl.com\/web\/contacto\/\" target=\"_self\" class=\"button white\"  style=\"padding:5px 30px 5px 30px;\">\n    <span>contacto<\/span>\n  <\/a>\n\n<a href=\"https:\/\/paloverdesrl.com\/web\/red-comercial\/\" target=\"_self\" class=\"button white is-outline\"  style=\"padding:5px 30px 5px 30px;\">\n    <span>representates<\/span>\n  <\/a>\n\n\t\t\n<style>\n#stack-1133807470 > * {\n  --stack-gap: 0.5rem;\n}\n<\/style>\n\t<\/div>\n\t\n\t\t<\/div>\n\t\t\t\t\n<style>\n#col-8530047 > .col-inner {\n  padding: 0px 0px 0px 0;\n}\n@media (min-width:550px) {\n  #col-8530047 > .col-inner {\n    padding: 0px 10% 0px 10%;\n  }\n}\n<\/style>\n\t<\/div>\n\n\t\n<\/div>\n\t\t<\/div>\n\n\t\t\n<style>\n#section_998655642 {\n  padding-top: 30px;\n  padding-bottom: 30px;\n  min-height: 300px;\n}\n#section_998655642 .section-bg-overlay {\n  background-color: rgba(0, 0, 0, 0.3);\n}\n#section_998655642 .section-bg.bg-loaded {\n  background-image: url(https:\/\/paloverdesrl.com\/web\/wp-content\/uploads\/2024\/01\/sorgo-1280X720.jpg);\n}\n#section_998655642 .section-bg {\n  background-position: 100% 28%;\n}\n<\/style>\n\t<\/section>\n\t\n","protected":false},"excerpt":{"rendered":"","protected":false},"author":2,"featured_media":0,"parent":0,"menu_order":0,"comment_status":"closed","ping_status":"closed","template":"page-blank.php","meta":{"footnotes":""},"class_list":["post-728","page","type-page","status-publish","hentry"],"_links":{"self":[{"href":"https:\/\/paloverdesrl.com\/web\/wp-json\/wp\/v2\/pages\/728","targetHints":{"allow":["GET"]}}],"collection":[{"href":"https:\/\/paloverdesrl.com\/web\/wp-json\/wp\/v2\/pages"}],"about":[{"href":"https:\/\/paloverdesrl.com\/web\/wp-json\/wp\/v2\/types\/page"}],"author":[{"embeddable":true,"href":"https:\/\/paloverdesrl.com\/web\/wp-json\/wp\/v2\/users\/2"}],"replies":[{"embeddable":true,"href":"https:\/\/paloverdesrl.com\/web\/wp-json\/wp\/v2\/comments?post=728"}],"version-history":[{"count":5,"href":"https:\/\/paloverdesrl.com\/web\/wp-json\/wp\/v2\/pages\/728\/revisions"}],"predecessor-version":[{"id":856,"href":"https:\/\/paloverdesrl.com\/web\/wp-json\/wp\/v2\/pages\/728\/revisions\/856"}],"wp:attachment":[{"href":"https:\/\/paloverdesrl.com\/web\/wp-json\/wp\/v2\/media?parent=728"}],"curies":[{"name":"wp","href":"https:\/\/api.w.org\/{rel}","templated":true}]}}