{"id":675,"date":"2024-01-28T23:47:07","date_gmt":"2024-01-28T23:47:07","guid":{"rendered":"https:\/\/paloverdesrl.com\/web\/?page_id=675"},"modified":"2025-08-05T16:52:03","modified_gmt":"2025-08-05T16:52:03","slug":"palo-verde","status":"publish","type":"page","link":"https:\/\/paloverdesrl.com\/web\/palo-verde\/","title":{"rendered":"Palo Verde"},"content":{"rendered":"\t<section class=\"section\" id=\"section_646313290\">\n\t\t<div class=\"bg section-bg fill bg-fill  \" >\n\n\t\t\t\n\t\t\t\n\t\t\t\n\n\t\t<\/div>\n\n\t\t\n\n\t\t<div class=\"section-content relative\">\n\t\t\t\n<div class=\"container section-title-container\" ><h2 class=\"section-title section-title-bold-center\"><b><\/b><span class=\"section-title-main\" style=\"font-size:198%;color:rgb(255, 255, 255);\">NOSOTROS<\/span><b><\/b><\/h2><\/div>\n\t\t<\/div>\n\n\t\t\n<style>\n#section_646313290 {\n  padding-top: 30px;\n  padding-bottom: 30px;\n  min-height: 250px;\n}\n#section_646313290 .section-bg.bg-loaded {\n  background-image: url(https:\/\/paloverdesrl.com\/web\/wp-content\/uploads\/2025\/08\/9B.webp);\n}\n#section_646313290 .section-bg {\n  background-position: 60% 20%;\n}\n@media (min-width:550px) {\n  #section_646313290 {\n    min-height: 325px;\n  }\n}\n<\/style>\n\t<\/section>\n\t\n\t<section class=\"section\" id=\"section_630903173\">\n\t\t<div class=\"bg section-bg fill bg-fill  bg-loaded\" >\n\n\t\t\t\n\t\t\t\n\t\t\t\n\n\t\t<\/div>\n\n\t\t\n\n\t\t<div class=\"section-content relative\">\n\t\t\t\n\t<div id=\"gap-677102969\" class=\"gap-element clearfix\" style=\"display:block; height:auto;\">\n\t\t\n<style>\n#gap-677102969 {\n  padding-top: 20px;\n}\n@media (min-width:550px) {\n  #gap-677102969 {\n    padding-top: 40px;\n  }\n}\n<\/style>\n\t<\/div>\n\t\n<div class=\"row\"  id=\"row-302199907\">\n\n\t<div id=\"col-2002829709\" class=\"col medium-4 small-12 large-4\"  >\n\t\t\t\t<div class=\"col-inner\"  >\n\t\t\t\n\t\t\t\n\t<div id=\"gap-383487223\" class=\"gap-element clearfix hide-for-medium\" style=\"display:block; height:auto;\">\n\t\t\n<style>\n#gap-383487223 {\n  padding-top: 10px;\n}\n<\/style>\n\t<\/div>\n\t\n\t<div id=\"text-2411986625\" class=\"text\">\n\t\t\n<h3>La Empresa<\/h3>\n\t\t\n<style>\n#text-2411986625 {\n  font-size: 1.75rem;\n  line-height: 1.25;\n}\n@media (min-width:850px) {\n  #text-2411986625 {\n    line-height: 0.75;\n  }\n}\n<\/style>\n\t<\/div>\n\t\n<a class=\"button success is-link\"  >\n    <span>Con\u00f3zcanos<\/span>\n  <i class=\"icon-angle-right\" aria-hidden=\"true\" ><\/i><\/a>\n\n\t\t<\/div>\n\t\t\t\t\n<style>\n#col-2002829709 > .col-inner {\n  margin: 0px 0px -20px 0px;\n}\n<\/style>\n\t<\/div>\n\n\t\n\n\t<div id=\"col-1256537221\" class=\"col medium-8 small-12 large-8\"  >\n\t\t\t\t<div class=\"col-inner\"  >\n\t\t\t\n\t\t\t\n<p>Somos una empresa argentina especializada en la producci\u00f3n de semillas forrajeras. Comenzamos nuestra actividad hace m\u00e1s de 20 a\u00f1os en el coraz\u00f3n del Valle Inferior del R\u00edo Colorado, en la localidad de Hilario Ascasubi, Provincia de Buenos Aires; desde donde producimos y comercializamos la m\u00e1s variada gama de especies forrajeras para el mercado argentino. Una zona semi\u00e1rida, de bajo riego y apta para la producci\u00f3n de esta clase de semillas.<\/p>\n<p>Hoy d\u00eda, nos enorgullece ser la compa\u00f1\u00eda de mayor crecimiento en lo que se refiere a la producci\u00f3n interna de semillas de alfalfa, y adem\u00e1s, ocupar el primer puesto en la comercializaci\u00f3n de esta variedad dentro del pa\u00eds.<\/p>\n<p>Nuestra pasi\u00f3n es ayudar a los productores a lograr cada d\u00eda una mejor calidad y cantidad de sus rindes. Por ello, diariamente nos comprometemos con la investigaci\u00f3n, el desarrollo y la comercializaci\u00f3n de cultivares dentro de un programa de mejoramiento gen\u00e9tico, que busca dar una respuesta eficiente a las demandas del mercado.<\/p>\n<p>Para lograrlo, utilizamos la \u00faltima tecnolog\u00eda en la producci\u00f3n tal como se utiliza en los pa\u00edses m\u00e1s avanzados, brindamos una capacitaci\u00f3n profesional en otros pa\u00edses a nuestros t\u00e9cnicos a cargo de la producci\u00f3n de semillas, ofrecemos asistencia t\u00e9cnica personalizada a nuestros productores y comercios adheridos a nuestra red comercial, y controlamos la calidad de toda la semilla producida.<br \/>Estos son los pilares sobre los que descansa nuestra confiabilidad y responsabilidad comercial.<\/p>\n<p>Siguiendo los principios mencionados, en el a\u00f1o 2009 hemos firmado un\u00a0<strong><a href=\"http:\/\/paloverdesrl.com\/index.php\/palo-verde-inta\/\">Convenio de Vinculaci\u00f3n Tecnol\u00f3gica<\/a><\/strong>\u00a0(CVT) con el Instituto Nacional de Tecnolog\u00eda Agropecuaria \u2013INTA- para fomentar el desarrollo de nuevos cultivares.<br \/><strong>Palo verde SRL una empresa argentina al servicio del productor argentino.<\/strong><\/p>\n\t\t<\/div>\n\t\t\t\t\t<\/div>\n\n\t\n<\/div>\n\t\t<\/div>\n\n\t\t\n<style>\n#section_630903173 {\n  padding-top: 30px;\n  padding-bottom: 30px;\n}\n<\/style>\n\t<\/section>\n\t\n\t<section class=\"section dark\" id=\"section_346882655\">\n\t\t<div class=\"bg section-bg fill bg-fill  \" >\n\n\t\t\t\n\t\t\t<div class=\"section-bg-overlay absolute fill\"><\/div>\n\t\t\t\n\n\t\t<\/div>\n\n\t\t\n\n\t\t<div class=\"section-content relative\">\n\t\t\t\n<div class=\"row\"  id=\"row-939418054\">\n\n\t<div id=\"col-1858476738\" class=\"col medium-12 small-12 large-6\"  >\n\t\t\t\t<div class=\"col-inner\"  >\n\t\t\t\n\t\t\t\n\t<div id=\"gap-1349641615\" class=\"gap-element clearfix\" style=\"display:block; height:auto;\">\n\t\t\n<style>\n#gap-1349641615 {\n  padding-top: 30px;\n}\n<\/style>\n\t<\/div>\n\t\n\t<div id=\"text-3204007474\" class=\"text\">\n\t\t\n<h2 class=\"uppercase\">Contactenos<\/h2>\n\t\t\n<style>\n#text-3204007474 {\n  font-size: 1.65rem;\n  text-align: center;\n}\n@media (min-width:850px) {\n  #text-3204007474 {\n    text-align: left;\n  }\n}\n<\/style>\n\t<\/div>\n\t\n\t<div id=\"text-1780262266\" class=\"text\">\n\t\t\n<p>Con presencia en las principales zonas de producci\u00f3n.<\/p>\n\t\t\n<style>\n#text-1780262266 {\n  text-align: center;\n}\n@media (min-width:850px) {\n  #text-1780262266 {\n    text-align: left;\n  }\n}\n<\/style>\n\t<\/div>\n\t\n\t<div id=\"stack-428943770\" class=\"stack stack-row justify-start items-stretch sm:stack-col md:justify-center\">\n\t\t\n<a href=\"https:\/\/paloverdesrl.com\/web\/contacto\/\" target=\"_self\" class=\"button white\"  style=\"padding:5px 30px 5px 30px;\">\n    <span>contacto<\/span>\n  <\/a>\n\n<a href=\"https:\/\/paloverdesrl.com\/web\/red-comercial\/\" target=\"_self\" class=\"button white is-outline\"  style=\"padding:5px 30px 5px 30px;\">\n    <span>representates<\/span>\n  <\/a>\n\n\t\t\n<style>\n#stack-428943770 > * {\n  --stack-gap: 0.5rem;\n}\n<\/style>\n\t<\/div>\n\t\n\t\t<\/div>\n\t\t\t\t\n<style>\n#col-1858476738 > .col-inner {\n  padding: 0px 0px 0px 0;\n}\n@media (min-width:550px) {\n  #col-1858476738 > .col-inner {\n    padding: 0px 10% 0px 10%;\n  }\n}\n<\/style>\n\t<\/div>\n\n\t\n<\/div>\n\t\t<\/div>\n\n\t\t\n<style>\n#section_346882655 {\n  padding-top: 30px;\n  padding-bottom: 30px;\n  min-height: 300px;\n}\n#section_346882655 .section-bg-overlay {\n  background-color: rgba(0, 0, 0, 0.3);\n}\n#section_346882655 .section-bg.bg-loaded {\n  background-image: url(https:\/\/paloverdesrl.com\/web\/wp-content\/uploads\/2025\/07\/3-CONTACTO.webp);\n}\n#section_346882655 .section-bg {\n  background-position: 100% 28%;\n}\n<\/style>\n\t<\/section>\n\t\n\t<section class=\"section\" id=\"section_1783970845\">\n\t\t<div class=\"bg section-bg fill bg-fill  bg-loaded\" >\n\n\t\t\t\n\t\t\t\n\t\t\t\n\n\t\t<\/div>\n\n\t\t\n\n\t\t<div class=\"section-content relative\">\n\t\t\t\n\t<div id=\"gap-6828506\" class=\"gap-element clearfix\" style=\"display:block; height:auto;\">\n\t\t\n<style>\n#gap-6828506 {\n  padding-top: 30px;\n}\n<\/style>\n\t<\/div>\n\t\n<div class=\"row\"  id=\"row-49125280\">\n\n\t<div id=\"col-1422058312\" class=\"col medium-4 small-12 large-4\"  >\n\t\t\t\t<div class=\"col-inner\"  >\n\t\t\t\n\t\t\t\n\t<div id=\"text-2068456302\" class=\"text\">\n\t\t\n<h3>Objetivos<\/h3>\n\t\t\n<style>\n#text-2068456302 {\n  font-size: 1.75rem;\n  line-height: 1.25;\n}\n@media (min-width:850px) {\n  #text-2068456302 {\n    line-height: 0.75;\n  }\n}\n<\/style>\n\t<\/div>\n\t\n\t\t<\/div>\n\t\t\t\t\t<\/div>\n\n\t\n\n\t<div id=\"col-186102458\" class=\"col medium-8 small-12 large-8\"  >\n\t\t\t\t<div class=\"col-inner\"  >\n\t\t\t\n\t\t\t\n<p>Nos hemos propuesto metas a lograr a fin de llegar con m\u00e1s eficiencia y responsabilidad a nuestro productor agropecuario:<\/p>\n<p><strong>Excelencia y profesionalismo<\/strong>, que apunta a la mejora continua de nuestro trabajo.<\/p>\n<p><strong>Mentalidad innovadora<\/strong>, para romper con los viejos prejuicios y tener una actitud de pensamiento abierta a nuevas tecnolog\u00edas y difundir el conocimiento.<\/p>\n<p><strong>Satisfacer a nuestros clientes<\/strong>. Porque existimos por y para nuestros clientes y amigos, y es nuestra obligaci\u00f3n servirlos con una atenci\u00f3n personalizada.<\/p>\n<p><strong>Confiabilidad<\/strong>. Porque trabajamos para brindar al productor, semillas de calidad y con el respaldo de nuestra gente.<\/p>\n<p><strong>Lealtad y trabajo en equipo<\/strong>. Porque nuestra gente, tiene sentido de pertenencia a la compa\u00f1\u00eda, con el prop\u00f3sito de alcanzar metas comunes.<\/p>\n<p><strong>Tolerancia.<\/strong>\u00a0Nos acercamos a nuestros clientes y amigos, con la m\u00e1s clara disposici\u00f3n y entusiasmo para escuchar, comprender y resolver sus problemas.<\/p>\n\t\t<\/div>\n\t\t\t\t\t<\/div>\n\n\t\n<\/div>\n<div class=\"row\"  id=\"row-1615127334\">\n\n\t<div id=\"col-717623904\" class=\"col medium-4 small-12 large-6\"  >\n\t\t\t\t<div class=\"col-inner\"  >\n\t\t\t\n\t\t\t\n\t<div id=\"text-3600155445\" class=\"text\">\n\t\t\n<h3>Principios<\/h3>\n\t\t\n<style>\n#text-3600155445 {\n  font-size: 1.75rem;\n  line-height: 1.25;\n}\n@media (min-width:850px) {\n  #text-3600155445 {\n    line-height: 0.75;\n  }\n}\n<\/style>\n\t<\/div>\n\t\n<p><strong>Vision:\u00a0<\/strong>Incrementar la productividad ganadera y lechera a trav\u00e9s del uso de cultivares de alta calidad.<br \/><strong>Mision:<\/strong>\u00a0Colaborar con el productor agropecuario, ayud\u00e1ndolo a mejorar su rentabilidad a trav\u00e9s de productos y servicios que contribuyan a mejorar y agregar valor a sus tareas, manteniendo la sustentabilidad del ambiente.<br \/>Establecer un programa de mejoramiento gen\u00e9tico de semillas orientado a:<\/p>\n<ul>\n<li>Obtenci\u00f3n de variedades superiores.<\/li>\n<li>Producci\u00f3n y abastecimiento de semilla de alta calidad.<\/li>\n<li>Comercializaci\u00f3n y distribuci\u00f3n de semillas.<\/li>\n<li>Control de calidad.<\/li>\n<li>Capacitaci\u00f3n y desarrollo de recursos humanos.<\/li>\n<\/ul>\n\t\t<\/div>\n\t\t\t\t\t<\/div>\n\n\t\n\n\t<div id=\"col-1633443239\" class=\"col medium-8 small-12 large-6\"  >\n\t\t\t\t<div class=\"col-inner\"  >\n\t\t\t\n\t\t\t\n<p>Nuestro crecimiento, y a la vez, nuestro posicionamiento se lograron, mediante la utilizaci\u00f3n de t\u00e9cnicas de producci\u00f3n similares a las usadas en los pa\u00edses m\u00e1s avanzados en esta materia, como ser:<br \/>-Polinizaci\u00f3n dirigida, con el uso con polinizadores espec\u00edficos (Megachile rotundata).<br \/>-Manejo de t\u00e9cnicas de incubaci\u00f3n y mantenimiento de larvas, de insectos polinizadores.<br \/>-Utilizaci\u00f3n de una muy moderna tecnolog\u00eda, en mecanizaci\u00f3n para la limpieza y clasificaci\u00f3n de semillas forrajeras, en nuestra planta de procesamiento.<br \/>-Alta capacitaci\u00f3n y adiestramiento, en el pa\u00eds y en el exterior, de nuestro personal t\u00e9cnico en producci\u00f3n y en mejoramiento gen\u00e9tico.<br \/>-Utilizaci\u00f3n de exigentes m\u00e9todos de control de calidad, del producto obtenido.<\/p>\n\t\t<\/div>\n\t\t\t\t\n<style>\n#col-1633443239 > .col-inner {\n  padding: 40px 0px 0px 0px;\n}\n<\/style>\n\t<\/div>\n\n\t\n<\/div>\n\t\t<\/div>\n\n\t\t\n<style>\n#section_1783970845 {\n  padding-top: 30px;\n  padding-bottom: 30px;\n}\n<\/style>\n\t<\/section>\n\t\n","protected":false},"excerpt":{"rendered":"","protected":false},"author":2,"featured_media":0,"parent":0,"menu_order":0,"comment_status":"closed","ping_status":"closed","template":"page-blank.php","meta":{"footnotes":""},"class_list":["post-675","page","type-page","status-publish","hentry"],"_links":{"self":[{"href":"https:\/\/paloverdesrl.com\/web\/wp-json\/wp\/v2\/pages\/675","targetHints":{"allow":["GET"]}}],"collection":[{"href":"https:\/\/paloverdesrl.com\/web\/wp-json\/wp\/v2\/pages"}],"about":[{"href":"https:\/\/paloverdesrl.com\/web\/wp-json\/wp\/v2\/types\/page"}],"author":[{"embeddable":true,"href":"https:\/\/paloverdesrl.com\/web\/wp-json\/wp\/v2\/users\/2"}],"replies":[{"embeddable":true,"href":"https:\/\/paloverdesrl.com\/web\/wp-json\/wp\/v2\/comments?post=675"}],"version-history":[{"count":18,"href":"https:\/\/paloverdesrl.com\/web\/wp-json\/wp\/v2\/pages\/675\/revisions"}],"predecessor-version":[{"id":940,"href":"https:\/\/paloverdesrl.com\/web\/wp-json\/wp\/v2\/pages\/675\/revisions\/940"}],"wp:attachment":[{"href":"https:\/\/paloverdesrl.com\/web\/wp-json\/wp\/v2\/media?parent=675"}],"curies":[{"name":"wp","href":"https:\/\/api.w.org\/{rel}","templated":true}]}}